{"id":3572,"date":"2021-12-19T21:05:04","date_gmt":"2021-12-19T20:05:04","guid":{"rendered":"https:\/\/www.cech.nowytarg.pl\/?page_id=3572"},"modified":"2026-01-26T22:09:16","modified_gmt":"2026-01-26T21:09:16","slug":"zsb-aktualnosci","status":"publish","type":"page","link":"https:\/\/www.cech.nowytarg.pl\/index.php\/zsb-aktualnosci\/","title":{"rendered":"ZSB &#8211; Aktualno\u015bci"},"content":{"rendered":"\t\t<div data-elementor-type=\"wp-page\" data-elementor-id=\"3572\" class=\"elementor elementor-3572\" data-elementor-post-type=\"page\">\n\t\t\t\t\t\t\t\t\t<section data-particle_enable=\"false\" data-particle-mobile-disabled=\"false\" class=\"elementor-section elementor-top-section elementor-element elementor-element-76621b2a elementor-section-height-min-height elementor-section-boxed elementor-section-height-default elementor-section-items-middle\" data-id=\"76621b2a\" data-element_type=\"section\" data-settings=\"{&quot;background_background&quot;:&quot;gradient&quot;,&quot;shape_divider_bottom&quot;:&quot;waves&quot;}\">\n\t\t\t\t\t\t\t<div class=\"elementor-background-overlay\"><\/div>\n\t\t\t\t\t\t<div class=\"elementor-shape elementor-shape-bottom\" data-negative=\"false\">\n\t\t\t<svg xmlns=\"http:\/\/www.w3.org\/2000\/svg\" viewBox=\"0 0 1000 100\" preserveAspectRatio=\"none\">\n\t<path class=\"elementor-shape-fill\" d=\"M421.9,6.5c22.6-2.5,51.5,0.4,75.5,5.3c23.6,4.9,70.9,23.5,100.5,35.7c75.8,32.2,133.7,44.5,192.6,49.7\n\tc23.6,2.1,48.7,3.5,103.4-2.5c54.7-6,106.2-25.6,106.2-25.6V0H0v30.3c0,0,72,32.6,158.4,30.5c39.2-0.7,92.8-6.7,134-22.4\n\tc21.2-8.1,52.2-18.2,79.7-24.2C399.3,7.9,411.6,7.5,421.9,6.5z\"\/>\n<\/svg>\t\t<\/div>\n\t\t\t\t\t<div class=\"elementor-container elementor-column-gap-default\">\n\t\t\t\t\t<div class=\"elementor-column elementor-col-100 elementor-top-column elementor-element elementor-element-cd3fd64\" data-id=\"cd3fd64\" data-element_type=\"column\">\n\t\t\t<div class=\"elementor-widget-wrap elementor-element-populated\">\n\t\t\t\t\t\t\t\t<div class=\"elementor-element elementor-element-483f551d elementor-widget elementor-widget-heading\" data-id=\"483f551d\" data-element_type=\"widget\" data-widget_type=\"heading.default\">\n\t\t\t\t<div class=\"elementor-widget-container\">\n\t\t\t<h3 class=\"elementor-heading-title elementor-size-default\">Zawodowa Szko\u0142a Bran\u017cowa<\/h3>\t\t<\/div>\n\t\t\t\t<\/div>\n\t\t\t\t<div class=\"elementor-element elementor-element-658a14ba elementor-widget elementor-widget-heading\" data-id=\"658a14ba\" data-element_type=\"widget\" data-widget_type=\"heading.default\">\n\t\t\t\t<div class=\"elementor-widget-container\">\n\t\t\t<h1 class=\"elementor-heading-title elementor-size-default\">Aktualno\u015bci<\/h1>\t\t<\/div>\n\t\t\t\t<\/div>\n\t\t\t\t\t<\/div>\n\t\t<\/div>\n\t\t\t\t\t\t\t<\/div>\n\t\t<\/section>\n\t\t\t\t<section data-particle_enable=\"false\" data-particle-mobile-disabled=\"false\" class=\"elementor-section elementor-top-section elementor-element elementor-element-abd0920 elementor-section-boxed elementor-section-height-default elementor-section-height-default\" data-id=\"abd0920\" data-element_type=\"section\">\n\t\t\t\t\t\t<div class=\"elementor-container elementor-column-gap-default\">\n\t\t\t\t\t<div class=\"elementor-column elementor-col-100 elementor-top-column elementor-element elementor-element-34a2e7f\" data-id=\"34a2e7f\" data-element_type=\"column\">\n\t\t\t<div class=\"elementor-widget-wrap elementor-element-populated\">\n\t\t\t\t\t\t\t\t<div class=\"elementor-element elementor-element-4000f5b elementor-grid-3 elementor-grid-tablet-2 elementor-grid-mobile-1 elementor-posts--thumbnail-top elementor-widget elementor-widget-posts\" data-id=\"4000f5b\" data-element_type=\"widget\" data-settings=\"{&quot;pagination_type&quot;:&quot;numbers_and_prev_next&quot;,&quot;classic_columns&quot;:&quot;3&quot;,&quot;classic_columns_tablet&quot;:&quot;2&quot;,&quot;classic_columns_mobile&quot;:&quot;1&quot;,&quot;classic_row_gap&quot;:{&quot;unit&quot;:&quot;px&quot;,&quot;size&quot;:35,&quot;sizes&quot;:[]},&quot;classic_row_gap_tablet&quot;:{&quot;unit&quot;:&quot;px&quot;,&quot;size&quot;:&quot;&quot;,&quot;sizes&quot;:[]},&quot;classic_row_gap_mobile&quot;:{&quot;unit&quot;:&quot;px&quot;,&quot;size&quot;:&quot;&quot;,&quot;sizes&quot;:[]}}\" data-widget_type=\"posts.classic\">\n\t\t\t\t<div class=\"elementor-widget-container\">\n\t\t\t\t\t<div class=\"elementor-posts-container elementor-posts elementor-posts--skin-classic elementor-grid\">\n\t\t\t\t<article class=\"elementor-post elementor-grid-item post-6230 post type-post status-publish format-standard has-post-thumbnail hentry category-news\">\n\t\t\t\t<a class=\"elementor-post__thumbnail__link\" href=\"https:\/\/www.cech.nowytarg.pl\/index.php\/2026\/04\/20\/wywiadowki-11\/\" tabindex=\"-1\" >\n\t\t\t<div class=\"elementor-post__thumbnail\"><img decoding=\"async\" loading=\"lazy\" width=\"300\" height=\"225\" src=\"https:\/\/www.cech.nowytarg.pl\/wp-content\/uploads\/2026\/04\/deltaworks-school-6900381_1280-300x225.jpg\" class=\"attachment-medium size-medium wp-image-6231\" alt=\"\" srcset=\"https:\/\/www.cech.nowytarg.pl\/wp-content\/uploads\/2026\/04\/deltaworks-school-6900381_1280-300x225.jpg 300w, https:\/\/www.cech.nowytarg.pl\/wp-content\/uploads\/2026\/04\/deltaworks-school-6900381_1280-1024x768.jpg 1024w, https:\/\/www.cech.nowytarg.pl\/wp-content\/uploads\/2026\/04\/deltaworks-school-6900381_1280-768x576.jpg 768w, https:\/\/www.cech.nowytarg.pl\/wp-content\/uploads\/2026\/04\/deltaworks-school-6900381_1280.jpg 1280w\" sizes=\"(max-width: 300px) 100vw, 300px\" \/><\/div>\n\t\t<\/a>\n\t\t\t\t<div class=\"elementor-post__text\">\n\t\t\t\t<h3 class=\"elementor-post__title\">\n\t\t\t<a href=\"https:\/\/www.cech.nowytarg.pl\/index.php\/2026\/04\/20\/wywiadowki-11\/\" >\n\t\t\t\tWywiad\u00f3wki\t\t\t<\/a>\n\t\t<\/h3>\n\t\t\t\t<div class=\"elementor-post__meta-data\">\n\t\t\t\t\t<span class=\"elementor-post-date\">\n\t\t\t20\/04\/2026\t\t<\/span>\n\t\t\t\t<span class=\"elementor-post-time\">\n\t\t\t14:32\t\t<\/span>\n\t\t\t\t<\/div>\n\t\t\t\t<div class=\"elementor-post__excerpt\">\n\t\t\t<p>Wywiad\u00f3wki rodzic\u00f3w uczni\u00f3w wszystkich klas szko\u0142y odb\u0119d\u0105 si\u0119 w poniedzia\u0142ek 27 kwietnia o godz. 17.00 w budynku szko\u0142y, ul. Szaflarska 9.<\/p>\n\t\t<\/div>\n\t\t\n\t\t<a class=\"elementor-post__read-more\" href=\"https:\/\/www.cech.nowytarg.pl\/index.php\/2026\/04\/20\/wywiadowki-11\/\" aria-label=\"Read more about Wywiad\u00f3wki\" tabindex=\"-1\" >\n\t\t\tCzytaj dalej \u00bb\t\t<\/a>\n\n\t\t\t\t<\/div>\n\t\t\t\t<\/article>\n\t\t\t\t<article class=\"elementor-post elementor-grid-item post-5455 post type-post status-publish format-standard has-post-thumbnail hentry category-news\">\n\t\t\t\t<a class=\"elementor-post__thumbnail__link\" href=\"https:\/\/www.cech.nowytarg.pl\/index.php\/2026\/03\/24\/rekrutacja-elektroniczna-rok-szkolny-2025-26-harmonogram\/\" tabindex=\"-1\" >\n\t\t\t<div class=\"elementor-post__thumbnail\"><img decoding=\"async\" loading=\"lazy\" width=\"212\" height=\"300\" src=\"https:\/\/www.cech.nowytarg.pl\/wp-content\/uploads\/2025\/03\/ulotka_str_1-1-212x300.jpg\" class=\"attachment-medium size-medium wp-image-5850\" alt=\"\" srcset=\"https:\/\/www.cech.nowytarg.pl\/wp-content\/uploads\/2025\/03\/ulotka_str_1-1-212x300.jpg 212w, https:\/\/www.cech.nowytarg.pl\/wp-content\/uploads\/2025\/03\/ulotka_str_1-1-724x1024.jpg 724w, https:\/\/www.cech.nowytarg.pl\/wp-content\/uploads\/2025\/03\/ulotka_str_1-1-768x1086.jpg 768w, https:\/\/www.cech.nowytarg.pl\/wp-content\/uploads\/2025\/03\/ulotka_str_1-1-1086x1536.jpg 1086w, https:\/\/www.cech.nowytarg.pl\/wp-content\/uploads\/2025\/03\/ulotka_str_1-1.jpg 1170w\" sizes=\"(max-width: 212px) 100vw, 212px\" \/><\/div>\n\t\t<\/a>\n\t\t\t\t<div class=\"elementor-post__text\">\n\t\t\t\t<h3 class=\"elementor-post__title\">\n\t\t\t<a href=\"https:\/\/www.cech.nowytarg.pl\/index.php\/2026\/03\/24\/rekrutacja-elektroniczna-rok-szkolny-2025-26-harmonogram\/\" >\n\t\t\t\tRekrutacja na rok szkolny 2026\/2027 + harmonogram\t\t\t<\/a>\n\t\t<\/h3>\n\t\t\t\t<div class=\"elementor-post__meta-data\">\n\t\t\t\t\t<span class=\"elementor-post-date\">\n\t\t\t24\/03\/2026\t\t<\/span>\n\t\t\t\t<span class=\"elementor-post-time\">\n\t\t\t09:19\t\t<\/span>\n\t\t\t\t<\/div>\n\t\t\t\t<div class=\"elementor-post__excerpt\">\n\t\t\t\t\t<\/div>\n\t\t\n\t\t<a class=\"elementor-post__read-more\" href=\"https:\/\/www.cech.nowytarg.pl\/index.php\/2026\/03\/24\/rekrutacja-elektroniczna-rok-szkolny-2025-26-harmonogram\/\" aria-label=\"Read more about Rekrutacja na rok szkolny 2026\/2027 + harmonogram\" tabindex=\"-1\" >\n\t\t\tCzytaj dalej \u00bb\t\t<\/a>\n\n\t\t\t\t<\/div>\n\t\t\t\t<\/article>\n\t\t\t\t<article class=\"elementor-post elementor-grid-item post-6200 post type-post status-publish format-standard has-post-thumbnail hentry category-news\">\n\t\t\t\t<a class=\"elementor-post__thumbnail__link\" href=\"https:\/\/www.cech.nowytarg.pl\/index.php\/2026\/03\/19\/targi-edukacyjne-kompas-kariery-2026\/\" tabindex=\"-1\" >\n\t\t\t<div class=\"elementor-post__thumbnail\"><img decoding=\"async\" loading=\"lazy\" width=\"226\" height=\"300\" src=\"https:\/\/www.cech.nowytarg.pl\/wp-content\/uploads\/2026\/03\/img_20260312_103440638_mfnr-226x300.jpg\" class=\"attachment-medium size-medium wp-image-6203\" alt=\"\" srcset=\"https:\/\/www.cech.nowytarg.pl\/wp-content\/uploads\/2026\/03\/img_20260312_103440638_mfnr-226x300.jpg 226w, https:\/\/www.cech.nowytarg.pl\/wp-content\/uploads\/2026\/03\/img_20260312_103440638_mfnr-771x1024.jpg 771w, https:\/\/www.cech.nowytarg.pl\/wp-content\/uploads\/2026\/03\/img_20260312_103440638_mfnr-768x1020.jpg 768w, https:\/\/www.cech.nowytarg.pl\/wp-content\/uploads\/2026\/03\/img_20260312_103440638_mfnr-1157x1536.jpg 1157w, https:\/\/www.cech.nowytarg.pl\/wp-content\/uploads\/2026\/03\/img_20260312_103440638_mfnr-1542x2048.jpg 1542w, https:\/\/www.cech.nowytarg.pl\/wp-content\/uploads\/2026\/03\/img_20260312_103440638_mfnr-scaled.jpg 1928w\" sizes=\"(max-width: 226px) 100vw, 226px\" \/><\/div>\n\t\t<\/a>\n\t\t\t\t<div class=\"elementor-post__text\">\n\t\t\t\t<h3 class=\"elementor-post__title\">\n\t\t\t<a href=\"https:\/\/www.cech.nowytarg.pl\/index.php\/2026\/03\/19\/targi-edukacyjne-kompas-kariery-2026\/\" >\n\t\t\t\tTargi Edukacyjne \u201eKompas Kariery\u201c 2026\t\t\t<\/a>\n\t\t<\/h3>\n\t\t\t\t<div class=\"elementor-post__meta-data\">\n\t\t\t\t\t<span class=\"elementor-post-date\">\n\t\t\t19\/03\/2026\t\t<\/span>\n\t\t\t\t<span class=\"elementor-post-time\">\n\t\t\t14:37\t\t<\/span>\n\t\t\t\t<\/div>\n\t\t\t\t<div class=\"elementor-post__excerpt\">\n\t\t\t<p>12 marca br. przedstawiciele naszej szko\u0142y wzi\u0119li udzia\u0142 w Targach Edukacyjnych Kompas Kariery, kt\u00f3re odby\u0142y si\u0119 w Szkole Podstawowej im. \u015bw. St. Kostki w Le\u015bnicy<\/p>\n\t\t<\/div>\n\t\t\n\t\t<a class=\"elementor-post__read-more\" href=\"https:\/\/www.cech.nowytarg.pl\/index.php\/2026\/03\/19\/targi-edukacyjne-kompas-kariery-2026\/\" aria-label=\"Read more about Targi Edukacyjne \u201eKompas Kariery\u201c 2026\" tabindex=\"-1\" >\n\t\t\tCzytaj dalej \u00bb\t\t<\/a>\n\n\t\t\t\t<\/div>\n\t\t\t\t<\/article>\n\t\t\t\t<article class=\"elementor-post elementor-grid-item post-6190 post type-post status-publish format-standard has-post-thumbnail hentry category-news\">\n\t\t\t\t<a class=\"elementor-post__thumbnail__link\" href=\"https:\/\/www.cech.nowytarg.pl\/index.php\/2026\/03\/09\/swiateczna-zbiorka-darow-dla-fundacji-dunajec\/\" tabindex=\"-1\" >\n\t\t\t<div class=\"elementor-post__thumbnail\"><img decoding=\"async\" loading=\"lazy\" width=\"212\" height=\"300\" src=\"https:\/\/www.cech.nowytarg.pl\/wp-content\/uploads\/2026\/03\/646380968_25926053787078748_6543736605484852288_n1-212x300.jpg\" class=\"attachment-medium size-medium wp-image-6191\" alt=\"\" srcset=\"https:\/\/www.cech.nowytarg.pl\/wp-content\/uploads\/2026\/03\/646380968_25926053787078748_6543736605484852288_n1-212x300.jpg 212w, https:\/\/www.cech.nowytarg.pl\/wp-content\/uploads\/2026\/03\/646380968_25926053787078748_6543736605484852288_n1-724x1024.jpg 724w, https:\/\/www.cech.nowytarg.pl\/wp-content\/uploads\/2026\/03\/646380968_25926053787078748_6543736605484852288_n1-768x1086.jpg 768w, https:\/\/www.cech.nowytarg.pl\/wp-content\/uploads\/2026\/03\/646380968_25926053787078748_6543736605484852288_n1-1086x1536.jpg 1086w, https:\/\/www.cech.nowytarg.pl\/wp-content\/uploads\/2026\/03\/646380968_25926053787078748_6543736605484852288_n1.jpg 1448w\" sizes=\"(max-width: 212px) 100vw, 212px\" \/><\/div>\n\t\t<\/a>\n\t\t\t\t<div class=\"elementor-post__text\">\n\t\t\t\t<h3 class=\"elementor-post__title\">\n\t\t\t<a href=\"https:\/\/www.cech.nowytarg.pl\/index.php\/2026\/03\/09\/swiateczna-zbiorka-darow-dla-fundacji-dunajec\/\" >\n\t\t\t\t\u015awi\u0105teczna zbi\u00f3rka dar\u00f3w dla Fundacji Dunajec\t\t\t<\/a>\n\t\t<\/h3>\n\t\t\t\t<div class=\"elementor-post__meta-data\">\n\t\t\t\t\t<span class=\"elementor-post-date\">\n\t\t\t09\/03\/2026\t\t<\/span>\n\t\t\t\t<span class=\"elementor-post-time\">\n\t\t\t08:39\t\t<\/span>\n\t\t\t\t<\/div>\n\t\t\t\t<div class=\"elementor-post__excerpt\">\n\t\t\t<p>Id\u0105 \u015awi\u0119ta Wielkanocne czas nadziei i rado\u015bci. Nasze Szkolne Ko\u0142o Wolontariatu organizuje \u015awi\u0105teczn\u0105 zbi\u00f3rk\u0119 dar\u00f3w dla Fundacji Dunajec pomagaj\u0105c\u0105 Polakom mieszkaj\u0105cym na kresach wschodnich na<\/p>\n\t\t<\/div>\n\t\t\n\t\t<a class=\"elementor-post__read-more\" href=\"https:\/\/www.cech.nowytarg.pl\/index.php\/2026\/03\/09\/swiateczna-zbiorka-darow-dla-fundacji-dunajec\/\" aria-label=\"Read more about \u015awi\u0105teczna zbi\u00f3rka dar\u00f3w dla Fundacji Dunajec\" tabindex=\"-1\" >\n\t\t\tCzytaj dalej \u00bb\t\t<\/a>\n\n\t\t\t\t<\/div>\n\t\t\t\t<\/article>\n\t\t\t\t<article class=\"elementor-post elementor-grid-item post-6186 post type-post status-publish format-standard has-post-thumbnail hentry category-news\">\n\t\t\t\t<a class=\"elementor-post__thumbnail__link\" href=\"https:\/\/www.cech.nowytarg.pl\/index.php\/2026\/03\/09\/serce-dla-hospicjum\/\" tabindex=\"-1\" >\n\t\t\t<div class=\"elementor-post__thumbnail\"><img decoding=\"async\" loading=\"lazy\" width=\"300\" height=\"200\" src=\"https:\/\/www.cech.nowytarg.pl\/wp-content\/uploads\/2026\/03\/c781299eba44bb8ccc7b0ab87fa8a974-1-300x200.jpg\" class=\"attachment-medium size-medium wp-image-6188\" alt=\"\" srcset=\"https:\/\/www.cech.nowytarg.pl\/wp-content\/uploads\/2026\/03\/c781299eba44bb8ccc7b0ab87fa8a974-1-300x200.jpg 300w, https:\/\/www.cech.nowytarg.pl\/wp-content\/uploads\/2026\/03\/c781299eba44bb8ccc7b0ab87fa8a974-1-1024x681.jpg 1024w, https:\/\/www.cech.nowytarg.pl\/wp-content\/uploads\/2026\/03\/c781299eba44bb8ccc7b0ab87fa8a974-1-768x511.jpg 768w, https:\/\/www.cech.nowytarg.pl\/wp-content\/uploads\/2026\/03\/c781299eba44bb8ccc7b0ab87fa8a974-1-1536x1021.jpg 1536w, https:\/\/www.cech.nowytarg.pl\/wp-content\/uploads\/2026\/03\/c781299eba44bb8ccc7b0ab87fa8a974-1.jpg 1600w\" sizes=\"(max-width: 300px) 100vw, 300px\" \/><\/div>\n\t\t<\/a>\n\t\t\t\t<div class=\"elementor-post__text\">\n\t\t\t\t<h3 class=\"elementor-post__title\">\n\t\t\t<a href=\"https:\/\/www.cech.nowytarg.pl\/index.php\/2026\/03\/09\/serce-dla-hospicjum\/\" >\n\t\t\t\tSerce dla Hospicjum\t\t\t<\/a>\n\t\t<\/h3>\n\t\t\t\t<div class=\"elementor-post__meta-data\">\n\t\t\t\t\t<span class=\"elementor-post-date\">\n\t\t\t09\/03\/2026\t\t<\/span>\n\t\t\t\t<span class=\"elementor-post-time\">\n\t\t\t08:28\t\t<\/span>\n\t\t\t\t<\/div>\n\t\t\t\t<div class=\"elementor-post__excerpt\">\n\t\t\t<p>W tym roku nasza szko\u0142a wzi\u0119\u0142a udzia\u0142 w wyj\u0105tkowej akcji Serce dla Hospicjum organizowane przez I LO im. S. Goszczy\u0144skiego w Nowym Targu. Celem akcji<\/p>\n\t\t<\/div>\n\t\t\n\t\t<a class=\"elementor-post__read-more\" href=\"https:\/\/www.cech.nowytarg.pl\/index.php\/2026\/03\/09\/serce-dla-hospicjum\/\" aria-label=\"Read more about Serce dla Hospicjum\" tabindex=\"-1\" >\n\t\t\tCzytaj dalej \u00bb\t\t<\/a>\n\n\t\t\t\t<\/div>\n\t\t\t\t<\/article>\n\t\t\t\t<article class=\"elementor-post elementor-grid-item post-6147 post type-post status-publish format-standard has-post-thumbnail hentry category-cech-aktualnosci category-news\">\n\t\t\t\t<a class=\"elementor-post__thumbnail__link\" href=\"https:\/\/www.cech.nowytarg.pl\/index.php\/2026\/01\/23\/szkolenie-z-krajowego-systemu-e-faktur\/\" tabindex=\"-1\" >\n\t\t\t<div class=\"elementor-post__thumbnail\"><img decoding=\"async\" loading=\"lazy\" width=\"169\" height=\"300\" src=\"https:\/\/www.cech.nowytarg.pl\/wp-content\/uploads\/2026\/01\/ksef3-169x300.jpg\" class=\"attachment-medium size-medium wp-image-6150\" alt=\"\" srcset=\"https:\/\/www.cech.nowytarg.pl\/wp-content\/uploads\/2026\/01\/ksef3-169x300.jpg 169w, https:\/\/www.cech.nowytarg.pl\/wp-content\/uploads\/2026\/01\/ksef3-577x1024.jpg 577w, https:\/\/www.cech.nowytarg.pl\/wp-content\/uploads\/2026\/01\/ksef3-768x1364.jpg 768w, https:\/\/www.cech.nowytarg.pl\/wp-content\/uploads\/2026\/01\/ksef3-865x1536.jpg 865w, https:\/\/www.cech.nowytarg.pl\/wp-content\/uploads\/2026\/01\/ksef3.jpg 1153w\" sizes=\"(max-width: 169px) 100vw, 169px\" \/><\/div>\n\t\t<\/a>\n\t\t\t\t<div class=\"elementor-post__text\">\n\t\t\t\t<h3 class=\"elementor-post__title\">\n\t\t\t<a href=\"https:\/\/www.cech.nowytarg.pl\/index.php\/2026\/01\/23\/szkolenie-z-krajowego-systemu-e-faktur\/\" >\n\t\t\t\tSzkolenie z Krajowego Systemu e-Faktur\t\t\t<\/a>\n\t\t<\/h3>\n\t\t\t\t<div class=\"elementor-post__meta-data\">\n\t\t\t\t\t<span class=\"elementor-post-date\">\n\t\t\t23\/01\/2026\t\t<\/span>\n\t\t\t\t<span class=\"elementor-post-time\">\n\t\t\t14:17\t\t<\/span>\n\t\t\t\t<\/div>\n\t\t\t\t<div class=\"elementor-post__excerpt\">\n\t\t\t<p>W dniu 16 stycznia br. w budynku Cechu odby\u0142o si\u0119 szkolenie po\u015bwi\u0119cone Krajowemu Systemowi e-Faktur (KSeF), kt\u00f3re spotka\u0142o si\u0119 z du\u017cym zainteresowaniem uczestnik\u00f3w. Mieli\u015bmy przyjemno\u015b\u0107<\/p>\n\t\t<\/div>\n\t\t\n\t\t<a class=\"elementor-post__read-more\" href=\"https:\/\/www.cech.nowytarg.pl\/index.php\/2026\/01\/23\/szkolenie-z-krajowego-systemu-e-faktur\/\" aria-label=\"Read more about Szkolenie z Krajowego Systemu e-Faktur\" tabindex=\"-1\" >\n\t\t\tCzytaj dalej \u00bb\t\t<\/a>\n\n\t\t\t\t<\/div>\n\t\t\t\t<\/article>\n\t\t\t\t<\/div>\n\t\t\n\t\t\t\t<div class=\"e-load-more-anchor\" data-page=\"1\" data-max-page=\"14\" data-next-page=\"https:\/\/www.cech.nowytarg.pl\/index.php\/wp-json\/wp\/v2\/pages\/3572\/page\/2\/\"><\/div>\n\t\t\t\t<nav class=\"elementor-pagination\" aria-label=\"Pagination\">\n\t\t\t<span class=\"page-numbers prev\">&laquo; Poprzednie<\/span>\n<span aria-current=\"page\" class=\"page-numbers current\"><span class=\"elementor-screen-only\">Page<\/span>1<\/span>\n<a class=\"page-numbers\" href=\"https:\/\/www.cech.nowytarg.pl\/index.php\/wp-json\/wp\/v2\/pages\/3572\/page\/2\/\"><span class=\"elementor-screen-only\">Page<\/span>2<\/a>\n<a class=\"page-numbers\" href=\"https:\/\/www.cech.nowytarg.pl\/index.php\/wp-json\/wp\/v2\/pages\/3572\/page\/3\/\"><span class=\"elementor-screen-only\">Page<\/span>3<\/a>\n<a class=\"page-numbers next\" href=\"https:\/\/www.cech.nowytarg.pl\/index.php\/wp-json\/wp\/v2\/pages\/3572\/page\/2\/\">Nast\u0119pne &raquo;<\/a>\t\t<\/nav>\n\t\t\t\t<\/div>\n\t\t\t\t<\/div>\n\t\t\t\t\t<\/div>\n\t\t<\/div>\n\t\t\t\t\t\t\t<\/div>\n\t\t<\/section>\n\t\t\t\t\t\t\t<\/div>\n\t\t","protected":false},"excerpt":{"rendered":"<p>Zawodowa Szko\u0142a Bran\u017cowa Aktualno\u015bci<\/p>\n","protected":false},"author":1,"featured_media":0,"parent":0,"menu_order":0,"comment_status":"closed","ping_status":"closed","template":"","meta":{"footnotes":""},"_links":{"self":[{"href":"https:\/\/www.cech.nowytarg.pl\/index.php\/wp-json\/wp\/v2\/pages\/3572"}],"collection":[{"href":"https:\/\/www.cech.nowytarg.pl\/index.php\/wp-json\/wp\/v2\/pages"}],"about":[{"href":"https:\/\/www.cech.nowytarg.pl\/index.php\/wp-json\/wp\/v2\/types\/page"}],"author":[{"embeddable":true,"href":"https:\/\/www.cech.nowytarg.pl\/index.php\/wp-json\/wp\/v2\/users\/1"}],"replies":[{"embeddable":true,"href":"https:\/\/www.cech.nowytarg.pl\/index.php\/wp-json\/wp\/v2\/comments?post=3572"}],"version-history":[{"count":18,"href":"https:\/\/www.cech.nowytarg.pl\/index.php\/wp-json\/wp\/v2\/pages\/3572\/revisions"}],"predecessor-version":[{"id":6169,"href":"https:\/\/www.cech.nowytarg.pl\/index.php\/wp-json\/wp\/v2\/pages\/3572\/revisions\/6169"}],"wp:attachment":[{"href":"https:\/\/www.cech.nowytarg.pl\/index.php\/wp-json\/wp\/v2\/media?parent=3572"}],"curies":[{"name":"wp","href":"https:\/\/api.w.org\/{rel}","templated":true}]}}